).
-13
Let h(s) = -s**3 - 12*s**2 + 14*s + 10. What is h(-13)?
-3
Let a(z) = -23*z**2 - 5*z - 2. Determine a(-3).
-194
Let l(d) = -d**2 + 14*d - 47. Give l(7).
2
Let x(i) = 4*i**2 - i - 2. Determine x(-1).
3
Let w(h) = h**3 - 3*h**2 - 18*h - 13. What is w(6)?
-13
Let s(k) = -13*k - 5. What is s(-2)?
21
Let o(t) = -2*t**2 + 4*t - 3. What is o(3)?
-9
Let m(w) = -w**2 - 12*w - 9. Calculate m(-12).
-9
Let t(i) = -18*i - 15. Determine t(3).
-69
Let z(h) = -h**2 - h - 5. What is z(-6)?
-35
Let h(a) = a**3 + 5*a**2 - a + 4. Give h(-4).
24
Let b(d) = 2*d**3 - 15*d**2 - 8*d + 1. Give b(8).
1
Let r(j) = j**3 - 31*j**2 - 68*j + 64. Determine r(33).
-2
Let g(d) = 2*d + 4. Determine g(3).
10
Let n(t) = 5*t - 91. What is n(19)?
4
Let b(p) = -p**2. Determine b(5).
-25
Let j(n) = -n**3 - 7*n - 5. Give j(-2).
17
Let r(o) = o**3 - 25*o**2 - 26*o - 20. Determine r(26).
-20
Let s(w) = w**3 + 13*w**2 + w + 15. Give s(-13).
2
Let w(j) = j**3 - 2*j**2 + 2*j - 40. Determine w(0).
-40
Let m(x) = -2*x**2 - 11*x - 5. What is m(-4)?
7
Let r(g) = g**3 + 3*g**2 - 6*g + 11. What is r(-5)?
-9
Let q(w) = -w**3 + 11*w**2 - 10*w - 8. Calculate q(10).
-8
Let o(f) = f - 10. Give o(2).
-8
Let y(o) = o**2 - 7*o - 20. Calculate y(10).
10
Let o(z) = z**3 - 17*z**2 - 17*z - 12. What is o(18)?
6
Let m(s) = -s**3 - 3*s**2 + s. Calculate m(-2).
-6
Let f(g) = -g**3 - g**2 - 4*g + 7. Calculate f(0).
7
Let s(c) = -c**3 + 9*c**2 - c - 5. Determine s(8).
51
Let m(c) = 2*c + 6. Calculate m(-8).
-10
Let l(t) = 2*t**3 + 11*t**2 + 6*t + 11. What is l(-5)?
6
Let f(i) = 2*i + 16. Determine f(5).
26
Let u(p) = 24*p - 438. What is u(18)?
-6
Let w(y) = -y**3 + 8*y**2 - 8*y - 5. Calculate w(7).
-12
Let v(n) = -n**3 + 16*n**2 - 13*n - 7. Determine v(15).
23
Let n(u) = u**3 - 13*u**2 + 11*u - 31. Give n(13).
112
Let l(d) = -3*d + 55. Determine l(7).
34
Let v(r) = 3*r**2 - r + 6. What is v(4)?
50
Let p(z) = 5*z**2 + 5*z + 3. Calculate p(-3).
33
Let w(z) = z**2 + 4*z + 11. Give w(-4).
11
Let z(x) = x**3 + 5*x**2 - 14*x - 53. What is z(-3)?
7
Let y(d) = d**3 + 13*d**2 - 12*d + 30. Calculate y(-14).
2
Let i(o) = -o**3 - 4*o**2 - 8*o - 9. What is i(-4)?
23
Let l(k) = 5*k**2 - k - 2. What is l(2)?
16
Let s(f) = -3*f - 14. Give s(-5).
1
Let z(o) = o**3 + 6*o**2 - 7*o. Calculate z(-7).
0
Let r(w) = -27*w**3 - 2*w**2 - 3*w - 3. What is r(-2)?
211
Let m(k) = 4*k + 53. Calculate m(-14).
-3
Let n(r) = -139*r + 285. Give n(2).
7
Let i(y) = -19*y**2 - 7*y + 6. Calculate i(2).
-84
Let i(r) = -5*r - 2. Determine i(6).
-32
Let m(n) = n**3 - 33*n**2 + 33*n - 26. Give m(32).
6
Let l(x) = -x**3 + 9*x**2 + 5*x - 12. What is l(8)?
92
Let w(q) = -q**3 - 3*q + 2. Give w(2).
-12
Let o(c) = -2*c**3 - 10*c**2 + 3*c + 5. Give o(-5).
-10
Let l(i) = -i**2 + 12*i + 10. What is l(13)?
-3
Let u(z) = 48*z - 14. Determine u(0).
-14
Let c(h) = -h**2 + 12*h - 22. Determine c(6).
14
Let w(n) = -2*n**3 + 24*n**2 + n - 42. Give w(12).
-30
Let u(l) = -5*l - 147. What is u(-33)?
18
Let n(i) = 19*i + 909. Give n(-48).
-3
Let m(o) = o**2 - 7*o + 5. Determine m(5).
-5
Let l(d) = 5*d + 5. What is l(-3)?
-10
Let t(p) = 20*p + 4. Calculate t(-3).
-56
Let z(k) = -22*k - 92. What is z(-4)?
-4
Let i(y) = -57*y + 1. Calculate i(1).
-56
Let f(n) = -3*n + 23. Determine f(5).
8
Let c(r) = -r**3 + r**2. Determine c(-2).
12
Let j(r) = 4*r**3 + 7*r**2 + 12*r - 3. Calculate j(-3).
-84
Let k(m) = 24*m**2 - 2*m - 1. Calculate k(-1).
25
Let t(h) = h**2 + 5*h - 44. Determine t(-9).
-8
Let q(g) = g**2 + 2*g + 2. Calculate q(5).
37
Let f(v) = v**2 - 33*v - 2. Determine f(33).
-2
Let m(k) = 2*k**3 + 7*k**2 + 2*k - 6. Calculate m(-5).
-91
Let l(x) = -8*x**3 + 2*x**2 + 6*x + 4. What is l(-1)?
8
Let j(s) = -s**3 - 14*s**2 - 11*s + 19. Calculate j(-13).
-7
Let a(x) = -2*x + 55. Give a(24).
7
Let u(h) = -3*h**2 + 2*h - 2. Give u(3).
-23
Let b(l) = -l**3 + 8*l**2 - 10*l + 14. What is b(7)?
-7
Let b(d) = -d + 1. What is b(-3)?
4
Let x(y) = -11*y**2 + 2*y - 1. Determine x(1).
-10
Let t(w) = -w**3 + 19*w**2 - w + 10. Give t(19).
-9
Let v(q) = q**2 - 7*q - 15. What is v(-3)?
15
Let d(b) = -b**3 + b**2 + 11*b + 7. What is d(4)?
3
Let k(h) = -h**3 + 5*h**2 + h + 2. Determine k(4).
22
Let j(o) = -2*o - 10. Calculate j(7).
-24
Let x(d) = -2*d + 12. Give x(9).
-6
Let j(p) = -8*p - 2. Determine j(4).
-34
Let g(v) = v**3 - 7*v**2 + 8*v + 10. Determine g(5).
0
Let s(d) = 3*d + 5. Calculate s(0).
5
Let b(z) = z**3 - 4*z**2 + 3*z + 5. Calculate b(3).
5
Let m(n) = 2*n**2 - 54*n - 124. Give m(29).
-8
Let f(s) = 2*s**2 + 6*s - 20. What is f(3)?
16
Let x(q) = -q**3 - 9*q**2 - 11*q + 22. Give x(-7).
1
Let r(w) = -w**3 + 13*w**2 - 3*w - 26. Calculate r(12).
82
Let m(o) = -3*o + 7. What is m(-8)?
31
Let a(r) = 8*r - 7. What is a(6)?
41
Let n(p) = 2*p**3 + 3*p**2 - 15*p + 1. What is n(-4)?
-19
Let i(z) = -z**2 + 11*z - 25. Determine i(5).
5
Let f(n) = n**3 + 4*n**2 + 2*n + 2. Give f(-3).
5
Let d(v) = -v**3 - 7*v**2 + 10*v + 10. What is d(-8)?
-6
Let j(v) = -2*v**2 + 24*v + 4. Calculate j(12).
4
Let i(d) = d + 37. What is i(-31)?
6
Let v(u) = -21*u - 97. What is v(-5)?
8
Let h(r) = -7*r + 33. What is h(5)?
-2
Let i(k) = 11*k + 210. What is i(-23)?
-43
Let u(j) = j**3 + 2*j**2 - 5*j - 7. What is u(-3)?
-1
Let k(i) = i**3 - 32*i**2 - 35*i + 68. Determine k(33).
2
Let x(k) = -k**3 + 12*k**2 + 5*k - 62. Calculate x(12).
-2
Let u(k) = -k**3 - 22*k**2 - 23*k - 25. Calculate u(-21).
17
Let k(s) = s**3 + 5*s**2 + s - 5. What is k(-3)?
10
Let i(z) = -4*z + 2. Determine i(1).
-2
Let r(z) = -11*z**2 - 5*z. Give r(-1).
-6
Let g(q) = -q**3 - 9*q**2 - q - 16. What is g(-9)?
-7
Let y(z) = -6*z + 83. Determine y(12).
11
Let l(h) = -h**3 - 15*h**2 - 18*h + 5. Determine l(-14).
61
Let g(m) = m - 2. What is g(-5)?
-7
Let u(v) = -v - 5. What is u(-18)?
13
Let c(i) = -i**2 + 2*i + 9. What is c(7)?
-26
Let c(d) = 4*d**2 + 43*d + 30. Calculate c(-10).
0
Let g(y) = 2*y**3 + 46*y**2 - 10. What is g(-23)?
-10
Let u(q) = 53*q + 1. What is u(-1)?
-52
Let g(i) = 2*i**3 - 36*i**2 + 41*i - 110. Determine g(17).
9
Let j(x) = -2*x**3 - 11*x**2 + 11*x + 7. Determine j(-7).
77
Let s(f) = 16*f - 19. Calculate s(-4).
-83
Let y(b) = -4*b - 16. Determine y(4).
-32
Let d(k) = -8*k + 77. Determine d(9).
5
Let t(o) = -10*o - 583. Calculate t(-58).
-3
Let g(q) = -q**2 + q + 15. What is g(-11)?
-117
Let f(s) = -4*s**3 - s**2 - 3*s + 2. Give f(1).
-6
Let b(l) = 2*l + 9. Determine b(0).
9
Let x(w) = 17*w**2 + 2*w - 4. Give x(1).
15
Let v(u) = -u**2 - u - 16. Give v(0).
-16
Let d(q) = 67*q**3 + q**2 - 2*q - 2. What is d(-1)?
-66
Let i(g) = -g**3 - 6*g**2 - 2*g + 11. Calculate i(-5).
-4
Let u(o) = o**3 + 5*o**2 - 5*o - 3. What is u(-5)?
22
Let a(l) = l**3 + 21*l**2 - 23*l - 23. Give a(-22).
-1
Let u(r) = 4*r**2 - 2*r + 1. What is u(1)?
3
Let z(x) = -2*x + 4. What is z(-6)?
16
Let a(c) = c**3 - 3*c**2 - 21*c + 20. Calculate a(6).
2
Let d(o) = 3*o**3 - 5*o**2 + 9. Give d(-2).
-35
Let y(z) = z**2 + 11*z + 9. What is y(-11)?
9
Let d(r) = -4*r + 2. What is d(1)?
-2
Let o(r) = -r**3 + 17*r**2 - 28*r - 31. Calculate o(15).
-1
Let o(j) = -j**2 + 7*j - 12. Determine o(8).
-20
Let r(k) = 10*k**2 - 2*k - 1. Calculate r(3).
83
Let v(k) = 2*k**3 + 65*k**2 + 33*k + 39. Calculate v(-32).
7
Let t(s) = -s**2 - 20*s - 84. What is t(-13)?
7
Let l(t) = -t**2 - 7*t - 7. Determine l(-5).
3
Let s(f) = -25*f - 332. Give s(-14).
18
Let p(n) = -3*n - 34. Determine p(-15).
11
Let t(k) = -20*k - 120. Give t(-6).
0
Let j(o) = o**3 + 4*o**2 - 3*o - 3. What is j(-5)?
-13
Let f(m) = 7*m + 3. Give f(7).
52
Let u(n) = 34*n**3 - 3*n**2 - 4*n - 2. Determine u(-1).
-35
Let g(y) = 11*y + 183. What is g(-17)?
-4
Let d(w) = w**3 + w**2 - 4*w - 3. Calculate d(-2).
1
Let a(p) = -p + 53. What is a(-12)?
65
Let c(v) = -v**3 + 10*v**2 - 7*v - 3. Give c(9).
15
Let h(j) = -j**2 + j + 1. Calculate h(-4).
-19
Let z(n) = 3*n**2 - 6*n - 6. What is z(2)?
-6
Let n(k) = 6*k**3 + 2*k**2 + 7*k - 16. Give n(2).
54
Let i(k) = 3*k + 3. Determine i(-6).
-15
Let u(v) = 5*v**3 - 11*v**2 - v + 4. Calculate u(2).
-2
Let n(a) = -11*a - 174. Determine n(-16).
2
Let p(n) = 6*n - 55. Calculate p(15).
35
Let i(h) = -h + 40. Calculate i(34).
6
Let h(q) = 19*q - 6. Calculate h(-2).
-44
Let l(s) = s - 14. What is l(7)?
-7
Let h(g) = g**3 - 21*g**2 - 24*g + 48. Give h(22).
4
Let y(k) = -2*k**2 + 10*k + 27. Calc